 k = 238 + u. What are the prime factors of k?
2, 103
Let c(i) = -490*i**3 + 11*i**2 + 14*i - 19. What are the prime factors of c(-3)?
2, 31, 107
Suppose -138 - 588 = -2*j - 5*w, 5*w - 378 = -j. What are the prime factors of j?
2, 3, 29
Suppose 0 = 2*j + j. Let r = -1203 - -1247. Suppose -2*d + r + 62 = j. What are the prime factors of d?
53
Let f = -5812 + 12577. What are the prime factors of f?
3, 5, 11, 41
Let z(t) = -5*t + 75. Let s be z(15). Suppose s = 3*i - 5*p - 683, 4*i - 457 - 502 = -3*p. List the prime factors of i.
2, 59
Suppose -7*t = -4*t - 6. Let q(u) = 70*u**3 - 5*u**2 + 7*u - 4. What are the prime factors of q(t)?
2, 5, 11
Let a(v) = v**3 - 5*v**2 + 4*v - 18. Let h be a(5). Let g be (-7)/((-35)/h)*-65. What are the prime factors of (-4)/g + (-2646)/(-39)?
2, 17
List the prime factors of ((-1)/3 - (-16)/(-24)) + (-439877)/(-107).
2, 3, 5, 137
Let d = 2323 + 2757. Suppose c - 2*v + 220 = 1248, 5*c - d = -2*v. List the prime factors of c.
2, 509
What are the prime factors of -524*33/44*-3?
3, 131
Let v(y) be the first derivative of -137*y**2 + 25*y + 21. List the prime factors of v(-4).
19, 59
Let b(o) = -86*o - 60 + 9 + 163*o. List the prime factors of b(4).
257
Suppose 2*c = 3*c - 2*a - 111, -c + 115 = -3*a. Suppose c*n - 3720 = 97*n. List the prime factors of n.
2, 5, 31
Let f(l) = -l**2 + 7*l - 9. Let u be f(4). Suppose u*r = r - 40. Let k = 25 + r. List the prime factors of k.
5
Suppose -12*p + 86 = -46. Suppose -290 = 6*k - p*k. List the prime factors of (-12 - 0)*k/(-8).
3, 29
Let t(f) = 15*f**3 - 7*f**2 + 101*f - 339. List the prime factors of t(10).
11, 1361
Suppose 35*k = 32*k + 16592 + 9397. What are the prime factors of k?
8663
Let x = 121 + -14. Suppose -2*z = -8, 0*y + 3*y + x = 5*z. Let c = 104 + y. What are the prime factors of c?
3, 5
Suppose 537*w = 528*w + 458361. List the prime factors of w.
50929
Suppose 0 = -18*p + 3476 + 3436. Let s = p + -223. What are the prime factors of s?
7, 23
Suppose 0 = -29*y + 2 + 56. What are the prime factors of (-1)/(4/(-3876) - -2 - y)?
3, 17, 19
Let c = 25 + -35. Let i(p) be the second derivative of -p**5/20 - 3*p**4/4 + 13*p**2/2 - 11*p. List the prime factors of i(c).
113
Suppose 0 = -5*u + 4*m + 8804, 0 = -4*u - u + 2*m + 8812. What are the prime factors of u?
2, 3, 7
Let u = -8 - -12. Suppose -3*x + 59 + 46 = -3*m, u*x = -3*m + 133. Let r = x - -48. What are the prime factors of r?
2, 41
Let p be (22/3)/(16/24). List the prime factors of (-16)/6*(4686/(-4))/p.
2, 71
Let p = -56 - -59. Suppose p*d + 2*z - 110 = -0*z, z - 72 = -2*d. What are the prime factors of d?
2, 17
Let r(p) = -p**3 + 7*p**2 - 6*p + 2. Let i be r(6). Let l = 246 - 241. Suppose -7 + i = l*v, -3*g = 2*v - 277. What are the prime factors of g?
3, 31
Let n(g) = -4*g**2 + 26*g - 19. Let w be n(10). Let p = 86 - w. Let b = p - 61. List the prime factors of b.
2, 23
List the prime factors of 29/((-118176)/(-39384) - 3).
3, 29, 547
Let l(f) = 67*f**3 - 9*f**2 + 25*f - 7. List the prime factors of l(7).
2, 7, 811
Let v be 7486/14 + 6/21. Suppose 0 = -2*b + 5*y + 531, -2*b - 5*y + v = -6*y. List the prime factors of b.
2, 67
Let l be (-691)/(-2) - ((-1)/2)/(-1). Let x = l - -65. What are the prime factors of x?
2, 5, 41
Let k = 13 - -7. Suppose 6759 = k*r - 1921. List the prime factors of r.
2, 7, 31
Suppose 0 = -5*y, 5*i - 5*y + 16 + 19 = 0. Let a(p) = p**2 + 9*p + 11. Let v be a(i). What are the prime factors of 69*(v + 1)/(-2)?
3, 23
Let g(b) = -b - 9. Suppose 5*k - 3*m + 98 = 0, 0 = k - 0*k - 2*m + 21. Let v be g(k). Suppose 3*c - 9 = -2*l + 8, 2*c + v = 0. What are the prime factors of l?
2
Suppose 2*p - 3 = 5. Let h be (45/27)/((-10)/6). What are the prime factors of (-2 + p)*h - -43?
41
List the prime factors of (-1 + -2 + 214071/9)/((-6)/(-9)).
2, 17837
Let i(j) = 3*j**2 - 57*j + 169. Let v be i(41). Suppose -o = 5*y - 5*o - 3596, 0 = -4*y + 5*o + v. List the prime factors of y.
2, 3, 5
Let u be (45/6)/((-3)/(-24)). Let x = u + -85. Let s = -21 - x. What are the prime factors of s?
2
Suppose -5*k + 2*g = -67518, -3*k - 22*g = -19*g - 40515. List the prime factors of k.
2, 211
Let b(w) = w. Let l(c) = -c**2 + 38*c - 54. Let r(j) = 6*b(j) - l(j). Let n be r(30). What are the prime factors of -4 + n/21 + (-1465)/(-7)?
5, 41
Suppose 281 = 5*s + 321. What are the prime factors of 126/(-336) + (-6627)/s?
2, 3, 23
Let f = 10 - -22. Let u = f + -27. List the prime factors of 5/(u/79) - 4.
3, 5
Let b(g) = g**2 - 18*g + 27. Let q be b(16). Let k(p) = 26*p - 126. Let u(z) = 17*z - 84. Let a(s) = q*k(s) + 8*u(s). What are the prime factors of a(14)?
2, 3, 7
Let i = -911 + -23. Let h = i - -1315. What are the prime factors of h?
3, 127
Let l(z) = -27*z + 20. Let f be l(-21). Suppose s = -3*p + 286, 0*p + f = 2*s + p. What are the prime factors of s?
5, 59
Let q be 0 + -11 - (-6 + 3). Let g be 6*4/q - -151. Let k = -48 + g. What are the prime factors of k?
2, 5
Let m(u) = -4*u**2 - 29*u + 1. Suppose 3*k = g - 2*g - 23, -20 = 2*k + 3*g. What are the prime factors of m(k)?
2
Let f(y) = 380*y + 32. Let s(l) = -2*l - 1. Let v(o) = -f(o) - 2*s(o). List the prime factors of v(-1).
2, 173
Suppose 2*f = -2*f. Let l be (-100 + 107)/(1*2)*2. Suppose -1442 = -f*d - l*d. List the prime factors of d.
2, 103
Let o = -17205 + 31979. List the prime factors of o.
2, 83, 89
List the prime factors of -1 + (-1)/(-1) - 361365/(-15).
24091
Suppose 442*s - 239568 = 436*s. List the prime factors of s.
2, 7, 23, 31
Let s = -955 + 1985. What are the prime factors of s?
2, 5, 103
Let a be (1 - 2)*(-45)/9. Suppose -2*v + 5*c = -25, 3*c - a*c - 10 = -4*v. Suppose v = q - 63 - 27. What are the prime factors of q?
2, 3, 5
Let i(x) = -159*x**2 + 3976*x - 17. List the prime factors of i(8).
3, 5, 11, 131
Let r(u) = 19 + 70 + 4*u + u - 22. Let h be r(-15). What are the prime factors of (-4055)/(-20) - ((-14)/h - 1)?
2, 101
Let x be 2 - (-3648 + (-3 - -2)). Suppose -4*a = m - 6*m + x, 5*m = a + 3639. List the prime factors of m.
727
Let j(k) = -176*k**3. Suppose 14 = -o + 5*u, 4*u + 0 = 4*o + 8. Let v be j(o). Let a = -119 - v. List the prime factors of a.
3, 19
Let k be (1/3)/((-8)/(-498768)). Suppose -k - 3426 = -17*t. List the prime factors of t.
2, 89
Let z be 2/(-2 - 3 - 12243/(-2448)). Let v = -753 + z. What are the prime factors of v?
3, 293
Let g(x) = 16*x - 57. Let i be g(6). Let u be 45*(i/(-15) - 6/(-2)). List the prime factors of 6/u*1*-3*-96.
2, 3
Suppose 286*p = 18*p + 12939308. List the prime factors of p.
48281
Let k = 858 + -162. Let c = k + 509. List the prime factors of c.
5, 241
Suppose 12*z - 241756 = -64*z. List the prime factors of z.
3181
Suppose -22*d + 45*d - 29112 = 19*d. What are the prime factors of d?
2, 3, 1213
Let q = 5043 + -4160. What are the prime factors of q?
883
Suppose 5*b - s - 820 = 3*s, -20 = -4*s. Suppose 6*c + 318 + b = 0. What are the prime factors of 14 + -4 + -5 - c?
2, 43
Let q(t) = -14*t - 2. Let v be ((-4)/6)/((-24)/108). Suppose 4*j = o - 19, -v*o = -4*j - 8*o - 49. What are the prime factors of q(j)?
2, 41
Suppose 30293 = -5*t - 5*s + 106858, 0 = -2*t - s + 30633. List the prime factors of t.
2, 5, 383
Let d(u) = -24*u + 9. Let r be d(-8). Let v = -91 + r. Let n = v + -45. What are the prime factors of n?
5, 13
Suppose -6*a + 240 = 6*a. Let i = 94 - a. List the prime factors of i.
2, 37
Suppose 100*f - 4*h = 101*f - 9556, -f - 5*h = -9552. What are the prime factors of f?
2, 2393
List the prime factors of (-800604)/(-49) - 108/126.
2, 3, 7, 389
Let c(p) = 7*p - 5. Let f(x) = -x**3 - x**2 + x - 28. Let i be f(0). Let m = 42 + i. List the prime factors of c(m).
3, 31
Let k be (2/(-5))/(2 + (-27)/15). Let t be 8/6*(-135)/24*k. List the prime factors of 0 + 2105/t + (-4)/(-6).
3, 47
Let l = 489 - -1620. Suppose 0 = -145*i + 126*i + l. List the prime factors of i.
3, 37
Let j = 7396 + 823. What are the prime factors of j?
8219
Let l(n) = 26*n**2 + 154*n - 103. List the prime factors of l(20).
3, 7, 13
Let u be 1 + ((-4)/(-3))/((-6)/(-18)). Let r(j) = 2*j**2. Let g be r(1). Suppose g*c - 265 = -3*i, u*c - i - 652 = 2*i. List the prime factors of c.
131
Suppose -3*u + 123 = -0*u. Let c = -150 + 151. List the prime factors of (2 + -1)/(c/u).
41
Let h(o) = 9 - 168*o**2 - o**3 - 5 + 188*o**2. Let m be h(20)